[INFO] cloning repository https://github.com/fredcorpuz06/reddit_cli
[INFO] running `Command { std: "git" "-c" "credential.helper=" "-c" "credential.helper=/workspace/cargo-home/bin/git-credential-null" "clone" "--bare" "https://github.com/fredcorpuz06/reddit_cli" "/workspace/cache/git-repos/https%3A%2F%2Fgithub.com%2Ffredcorpuz06%2Freddit_cli", kill_on_drop: false }`
[INFO] [stderr] Cloning into bare repository '/workspace/cache/git-repos/https%3A%2F%2Fgithub.com%2Ffredcorpuz06%2Freddit_cli'...
[INFO] running `Command { std: "git" "rev-parse" "HEAD", kill_on_drop: false }`
[INFO] [stdout] f50aeac8ef421608626372164f3b95ec2d58c5ad
[INFO] checking fredcorpuz06/reddit_cli against try#72f88fc4e9458f89516a0b8b0868f3718aec5b47 for pr-74989
[INFO] running `Command { std: "git" "clone" "/workspace/cache/git-repos/https%3A%2F%2Fgithub.com%2Ffredcorpuz06%2Freddit_cli" "/workspace/builds/worker-0/source", kill_on_drop: false }`
[INFO] [stderr] Cloning into '/workspace/builds/worker-0/source'...
[INFO] [stderr] done.
[INFO] validating manifest of git repo https://github.com/fredcorpuz06/reddit_cli on toolchain 72f88fc4e9458f89516a0b8b0868f3718aec5b47
[INFO] running `Command { std: "/workspace/cargo-home/bin/cargo" "+72f88fc4e9458f89516a0b8b0868f3718aec5b47" "read-manifest" "--manifest-path" "Cargo.toml", kill_on_drop: false }`
[INFO] started tweaking git repo https://github.com/fredcorpuz06/reddit_cli
[INFO] finished tweaking git repo https://github.com/fredcorpuz06/reddit_cli
[INFO] tweaked toml for git repo https://github.com/fredcorpuz06/reddit_cli written to /workspace/builds/worker-0/source/Cargo.toml
[INFO] crate git repo https://github.com/fredcorpuz06/reddit_cli already has a lockfile, it will not be regenerated
[INFO] running `Command { std: "/workspace/cargo-home/bin/cargo" "+72f88fc4e9458f89516a0b8b0868f3718aec5b47" "fetch" "--locked" "--manifest-path" "Cargo.toml", kill_on_drop: false }`
[INFO] [stderr]  Downloading crates ...
[INFO] [stderr]   Downloaded pretty_env_logger v0.3.0
[INFO] running `Command { std: "docker" "create" "-v" "/var/lib/crater-agent-workspace/builds/worker-0/target:/opt/rustwide/target:rw,Z" "-v" "/var/lib/crater-agent-workspace/builds/worker-0/source:/opt/rustwide/workdir:ro,Z" "-v" "/var/lib/crater-agent-workspace/cargo-home:/opt/rustwide/cargo-home:ro,Z" "-v" "/var/lib/crater-agent-workspace/rustup-home:/opt/rustwide/rustup-home:ro,Z" "-e" "SOURCE_DIR=/opt/rustwide/workdir" "-e" "CARGO_TARGET_DIR=/opt/rustwide/target" "-e" "CARGO_HOME=/opt/rustwide/cargo-home" "-e" "RUSTUP_HOME=/opt/rustwide/rustup-home" "-w" "/opt/rustwide/workdir" "-m" "1610612736" "--user" "0:0" "--network" "none" "rustops/crates-build-env@sha256:d92eaeed33fa75130ca1ee6c8a01d1ffb62bac859dfdfb3450e3e5d1c0146529" "/opt/rustwide/cargo-home/bin/cargo" "+72f88fc4e9458f89516a0b8b0868f3718aec5b47" "metadata" "--no-deps" "--format-version=1", kill_on_drop: false }`
[INFO] [stdout] b95a6b859cf4d8c219255d56649db1ef354a2d6b1b7bbdb508315b7a600bc833
[INFO] [stderr] WARNING: Your kernel does not support swap limit capabilities or the cgroup is not mounted. Memory limited without swap.
[INFO] running `Command { std: "docker" "start" "-a" "b95a6b859cf4d8c219255d56649db1ef354a2d6b1b7bbdb508315b7a600bc833", kill_on_drop: false }`
[INFO] running `Command { std: "docker" "inspect" "b95a6b859cf4d8c219255d56649db1ef354a2d6b1b7bbdb508315b7a600bc833", kill_on_drop: false }`
[INFO] running `Command { std: "docker" "rm" "-f" "b95a6b859cf4d8c219255d56649db1ef354a2d6b1b7bbdb508315b7a600bc833", kill_on_drop: false }`
[INFO] [stdout] b95a6b859cf4d8c219255d56649db1ef354a2d6b1b7bbdb508315b7a600bc833
[INFO] running `Command { std: "docker" "create" "-v" "/var/lib/crater-agent-workspace/builds/worker-0/target:/opt/rustwide/target:rw,Z" "-v" "/var/lib/crater-agent-workspace/builds/worker-0/source:/opt/rustwide/workdir:ro,Z" "-v" "/var/lib/crater-agent-workspace/cargo-home:/opt/rustwide/cargo-home:ro,Z" "-v" "/var/lib/crater-agent-workspace/rustup-home:/opt/rustwide/rustup-home:ro,Z" "-e" "SOURCE_DIR=/opt/rustwide/workdir" "-e" "CARGO_TARGET_DIR=/opt/rustwide/target" "-e" "CARGO_INCREMENTAL=0" "-e" "RUST_BACKTRACE=full" "-e" "RUSTFLAGS=--cap-lints=forbid" "-e" "CARGO_HOME=/opt/rustwide/cargo-home" "-e" "RUSTUP_HOME=/opt/rustwide/rustup-home" "-w" "/opt/rustwide/workdir" "-m" "1610612736" "--user" "0:0" "--network" "none" "rustops/crates-build-env@sha256:d92eaeed33fa75130ca1ee6c8a01d1ffb62bac859dfdfb3450e3e5d1c0146529" "/opt/rustwide/cargo-home/bin/cargo" "+72f88fc4e9458f89516a0b8b0868f3718aec5b47" "check" "--frozen" "--all" "--all-targets" "--message-format=json", kill_on_drop: false }`
[INFO] [stdout] 7dd6f25b068bfa6d5722c51ada0ac7b1553217749f9fc683ef05a252167b9c5a
[INFO] [stderr] WARNING: Your kernel does not support swap limit capabilities or the cgroup is not mounted. Memory limited without swap.
[INFO] running `Command { std: "docker" "start" "-a" "7dd6f25b068bfa6d5722c51ada0ac7b1553217749f9fc683ef05a252167b9c5a", kill_on_drop: false }`
[INFO] [stderr]     Blocking waiting for file lock on package cache
[INFO] [stderr]     Checking slab v0.4.2
[INFO] [stderr]    Compiling cc v1.0.35
[INFO] [stderr]    Compiling memchr v2.2.0
[INFO] [stderr]     Checking itoa v0.4.3
[INFO] [stderr]    Compiling proc-macro2 v0.4.30
[INFO] [stderr]    Compiling num-traits v0.2.6
[INFO] [stderr]    Compiling httparse v1.3.3
[INFO] [stderr]    Compiling ryu v0.2.8
[INFO] [stderr]    Compiling unicode-xid v0.1.0
[INFO] [stderr]    Compiling num-integer v0.1.39
[INFO] [stderr]    Compiling serde v1.0.91
[INFO] [stderr]     Checking foreign-types-shared v0.1.1
[INFO] [stderr]    Compiling syn v0.15.34
[INFO] [stderr]     Checking rand_core v0.3.1
[INFO] [stderr]     Checking crossbeam-epoch v0.7.1
[INFO] [stderr]     Checking foreign-types v0.3.2
[INFO] [stderr]     Checking rand_hc v0.1.0
[INFO] [stderr]     Checking rand_chacha v0.1.1
[INFO] [stderr]     Checking rand_xorshift v0.1.1
[INFO] [stderr]     Checking rand_isaac v0.1.1
[INFO] [stderr]     Checking http v0.1.17
[INFO] [stderr]     Checking mio v0.6.16
[INFO] [stderr]     Checking tokio-timer v0.2.10
[INFO] [stderr]     Checking crossbeam-deque v0.7.1
[INFO] [stderr]     Checking rand v0.6.5
[INFO] [stderr]     Checking aho-corasick v0.7.3
[INFO] [stderr]     Checking csv-core v0.1.5
[INFO] [stderr]     Checking mio-uds v0.6.7
[INFO] [stderr]    Compiling quote v0.6.12
[INFO] [stderr]    Compiling openssl-sys v0.9.43
[INFO] [stderr]     Checking regex v1.1.6
[INFO] [stderr]     Checking chrono v0.4.6
[INFO] [stderr]     Checking parking_lot_core v0.4.0
[INFO] [stderr]     Checking tokio-threadpool v0.1.13
[INFO] [stderr]     Checking parking_lot v0.7.1
[INFO] [stderr]    Compiling openssl v0.10.20
[INFO] [stderr]    Compiling native-tls v0.2.2
[INFO] [stderr]     Checking tokio-reactor v0.1.9
[INFO] [stderr]     Checking tokio-fs v0.1.6
[INFO] [stderr]     Checking h2 v0.1.18
[INFO] [stderr]     Checking tokio-udp v0.1.3
[INFO] [stderr]     Checking tokio-tcp v0.1.3
[INFO] [stderr]     Checking tokio-uds v0.2.5
[INFO] [stderr]     Checking tokio v0.1.18
[INFO] [stderr]     Checking env_logger v0.6.1
[INFO] [stderr]     Checking pretty_env_logger v0.3.0
[INFO] [stderr]     Checking hyper v0.12.27
[INFO] [stderr]    Compiling serde_derive v1.0.91
[INFO] [stderr]     Checking csv v1.0.7
[INFO] [stderr]     Checking serde_json v1.0.39
[INFO] [stderr]     Checking hyper-tls v0.3.2
[INFO] [stderr]     Checking hello_cargo v0.1.0 (/opt/rustwide/workdir)
[INFO] [stdout] error[E0432]: unresolved import `crate::string_helpers`
[INFO] [stdout]  --> src/lib.rs:4:9
[INFO] [stdout]   |
[INFO] [stdout] 4 |     use crate::string_helpers;
[INFO] [stdout]   |         ^^^^^^^^^^^^^^^^^^^^^ no `string_helpers` in the root
[INFO] [stdout] 
[INFO] [stdout] 
[INFO] [stdout] error[E0432]: unresolved import `crate::get_reddit`
[INFO] [stdout]   --> src/lib.rs:14:9
[INFO] [stdout]    |
[INFO] [stdout] 14 |     use crate::get_reddit;
[INFO] [stdout]    |         ^^^^^^^^^^^^^^^^^ no `get_reddit` in the root
[INFO] [stdout] 
[INFO] [stdout] 
[INFO] [stdout] error[E0432]: unresolved import `crate::moves`
[INFO] [stdout]   --> src/lib.rs:26:9
[INFO] [stdout]    |
[INFO] [stdout] 26 |     use crate::moves;
[INFO] [stdout]    |         ^^^^^^^^^^^^ no `moves` in the root
[INFO] [stdout] 
[INFO] [stdout] 
[INFO] [stdout] error[E0432]: unresolved import `crate::string_helpers`
[INFO] [stdout]   --> src/lib.rs:27:16
[INFO] [stdout]    |
[INFO] [stdout] 27 |     use crate::string_helpers::UserChoices;
[INFO] [stdout]    |                ^^^^^^^^^^^^^^ maybe a missing crate `string_helpers`?
[INFO] [stdout] 
[INFO] [stdout] 
[INFO] [stdout] error[E0423]: expected value, found enum `Option`
[INFO] [stdout]   --> src/lib.rs:19:38
[INFO] [stdout]    |
[INFO] [stdout] 19 |             get_reddit::unwrap_mystr(Option<&"Fred"),
[INFO] [stdout]    |                                      ^^^^^^
[INFO] [stdout]    |
[INFO] [stdout] help: try using one of the enum's variants
[INFO] [stdout]    |
[INFO] [stdout] 19 |             get_reddit::unwrap_mystr(std::option::Option::None<&"Fred"),
[INFO] [stdout]    |                                      ^^^^^^^^^^^^^^^^^^^^^^^^^
[INFO] [stdout] 19 |             get_reddit::unwrap_mystr(std::option::Option::Some<&"Fred"),
[INFO] [stdout]    |                                      ^^^^^^^^^^^^^^^^^^^^^^^^^
[INFO] [stdout] help: consider importing this unit variant instead
[INFO] [stdout]    |
[INFO] [stdout] 4  |     use serde::de::Unexpected::Option;
[INFO] [stdout]    |
[INFO] [stdout] 
[INFO] [stdout] 
[INFO] [stdout] error[E0423]: expected value, found enum `Option`
[INFO] [stdout]   --> src/lib.rs:22:38
[INFO] [stdout]    |
[INFO] [stdout] 22 |             get_reddit::unwrap_mystr(Option<&""),
[INFO] [stdout]    |                                      ^^^^^^
[INFO] [stdout]    |
[INFO] [stdout] help: try using one of the enum's variants
[INFO] [stdout]    |
[INFO] [stdout] 22 |             get_reddit::unwrap_mystr(std::option::Option::None<&""),
[INFO] [stdout]    |                                      ^^^^^^^^^^^^^^^^^^^^^^^^^
[INFO] [stdout] 22 |             get_reddit::unwrap_mystr(std::option::Option::Some<&""),
[INFO] [stdout]    |                                      ^^^^^^^^^^^^^^^^^^^^^^^^^
[INFO] [stdout] help: consider importing this unit variant instead
[INFO] [stdout]    |
[INFO] [stdout] 4  |     use serde::de::Unexpected::Option;
[INFO] [stdout]    |
[INFO] [stdout] 
[INFO] [stdout] 
[INFO] [stdout] error: aborting due to 6 previous errors
[INFO] [stdout] 
[INFO] [stdout] 
[INFO] [stdout] Some errors have detailed explanations: E0423, E0432.
[INFO] [stdout] 
[INFO] [stdout] For more information about an error, try `rustc --explain E0423`.
[INFO] [stdout] 
[INFO] [stderr] error: could not compile `hello_cargo`.
[INFO] [stderr] 
[INFO] [stderr] To learn more, run the command again with --verbose.
[INFO] [stderr] warning: build failed, waiting for other jobs to finish...
[INFO] [stdout] warning: unnecessary trailing semicolon
[INFO] [stdout]    --> src/get_reddit.rs:153:21
[INFO] [stdout]     |
[INFO] [stdout] 153 |         .map(|rez| {;
[INFO] [stdout]     |                     ^ help: remove this semicolon
[INFO] [stdout]     |
[INFO] [stdout]     = note: `#[warn(redundant_semicolons)]` on by default
[INFO] [stdout] 
[INFO] [stdout] 
[INFO] [stdout] warning: unnecessary trailing semicolon
[INFO] [stdout]    --> src/get_reddit.rs:153:21
[INFO] [stdout]     |
[INFO] [stdout] 153 |         .map(|rez| {;
[INFO] [stdout]     |                     ^ help: remove this semicolon
[INFO] [stdout]     |
[INFO] [stdout]     = note: `#[warn(redundant_semicolons)]` on by default
[INFO] [stdout] 
[INFO] [stdout] 
[INFO] [stdout] warning: 1 warning emitted
[INFO] [stdout] 
[INFO] [stdout] 
[INFO] [stdout] warning: 1 warning emitted
[INFO] [stdout] 
[INFO] [stdout] 
[INFO] [stderr] error: build failed
[INFO] running `Command { std: "docker" "inspect" "7dd6f25b068bfa6d5722c51ada0ac7b1553217749f9fc683ef05a252167b9c5a", kill_on_drop: false }`
[INFO] running `Command { std: "docker" "rm" "-f" "7dd6f25b068bfa6d5722c51ada0ac7b1553217749f9fc683ef05a252167b9c5a", kill_on_drop: false }`
[INFO] [stdout] 7dd6f25b068bfa6d5722c51ada0ac7b1553217749f9fc683ef05a252167b9c5a
